{"id":343,"date":"2025-10-14T21:58:55","date_gmt":"2025-10-14T19:58:55","guid":{"rendered":"https:\/\/lesbainsdetaccana.corsica\/?page_id=343"},"modified":"2025-11-04T09:51:39","modified_gmt":"2025-11-04T08:51:39","slug":"len-cas","status":"publish","type":"page","link":"https:\/\/lesbainsdetaccana.corsica\/index.php\/len-cas\/","title":{"rendered":"L&rsquo;En-cas"},"content":{"rendered":"\n<h4 class=\"wp-block-heading has-text-align-center has-white-color has-text-color has-background\" style=\"background-color:#2c7784\">Il est temps d&rsquo;arr\u00eater le temps quelques instants pour \u00e9couter les doux sons de la rivi\u00e8re et le chant des oiseaux&#8230;<\/h4>\n\n\n\n<p><\/p>\n\n\n\n<p class=\"has-text-align-center\"><\/p>\n\n\n\n<div class=\"wp-block-cover is-style-twentytwentyone-border\"><img loading=\"lazy\" decoding=\"async\" width=\"809\" height=\"1024\" class=\"wp-block-cover__image-background wp-image-445\" alt=\"\" src=\"https:\/\/lesbainsdetaccana.corsica\/wp-content\/uploads\/2025\/10\/IMG_20240525_171252_edit_1363251588834074-1-809x1024.jpg\" style=\"object-position:61% 92%\" data-object-fit=\"cover\" data-object-position=\"61% 92%\" srcset=\"https:\/\/lesbainsdetaccana.corsica\/wp-content\/uploads\/2025\/10\/IMG_20240525_171252_edit_1363251588834074-1-809x1024.jpg 809w, https:\/\/lesbainsdetaccana.corsica\/wp-content\/uploads\/2025\/10\/IMG_20240525_171252_edit_1363251588834074-1-237x300.jpg 237w, https:\/\/lesbainsdetaccana.corsica\/wp-content\/uploads\/2025\/10\/IMG_20240525_171252_edit_1363251588834074-1-768x972.jpg 768w, https:\/\/lesbainsdetaccana.corsica\/wp-content\/uploads\/2025\/10\/IMG_20240525_171252_edit_1363251588834074-1-1213x1536.jpg 1213w, https:\/\/lesbainsdetaccana.corsica\/wp-content\/uploads\/2025\/10\/IMG_20240525_171252_edit_1363251588834074-1-1618x2048.jpg 1618w, https:\/\/lesbainsdetaccana.corsica\/wp-content\/uploads\/2025\/10\/IMG_20240525_171252_edit_1363251588834074-1-1568x1985.jpg 1568w, https:\/\/lesbainsdetaccana.corsica\/wp-content\/uploads\/2025\/10\/IMG_20240525_171252_edit_1363251588834074-1-scaled.jpg 2022w\" sizes=\"auto, (max-width: 809px) 100vw, 809px\" \/><span aria-hidden=\"true\" class=\"wp-block-cover__background has-background-dim-10 has-background-dim\"><\/span><div class=\"wp-block-cover__inner-container is-layout-flow wp-block-cover-is-layout-flow\">\n<p class=\"has-text-align-center has-large-font-size\">Allez&#8230;venez vous installer en terrasse ou sur un transat &#8230;<\/p>\n<\/div><\/div>\n\n\n\n<p><\/p>\n\n\n\n<div class=\"wp-block-cover is-light is-style-twentytwentyone-border\"><img loading=\"lazy\" decoding=\"async\" width=\"768\" height=\"1024\" class=\"wp-block-cover__image-background wp-image-450 size-large\" alt=\"\" src=\"https:\/\/lesbainsdetaccana.corsica\/wp-content\/uploads\/2025\/10\/IMG_20241227_145424-768x1024.jpg\" style=\"object-position:52% 86%\" data-object-fit=\"cover\" data-object-position=\"52% 86%\" srcset=\"https:\/\/lesbainsdetaccana.corsica\/wp-content\/uploads\/2025\/10\/IMG_20241227_145424-768x1024.jpg 768w, https:\/\/lesbainsdetaccana.corsica\/wp-content\/uploads\/2025\/10\/IMG_20241227_145424-225x300.jpg 225w, https:\/\/lesbainsdetaccana.corsica\/wp-content\/uploads\/2025\/10\/IMG_20241227_145424-1152x1536.jpg 1152w, https:\/\/lesbainsdetaccana.corsica\/wp-content\/uploads\/2025\/10\/IMG_20241227_145424-1536x2048.jpg 1536w, https:\/\/lesbainsdetaccana.corsica\/wp-content\/uploads\/2025\/10\/IMG_20241227_145424-1568x2091.jpg 1568w, https:\/\/lesbainsdetaccana.corsica\/wp-content\/uploads\/2025\/10\/IMG_20241227_145424-scaled.jpg 1920w\" sizes=\"auto, (max-width: 768px) 100vw, 768px\" \/><span aria-hidden=\"true\" class=\"wp-block-cover__background has-background-dim-10 has-background-dim\" style=\"background-color:#9d9087\"><\/span><div class=\"wp-block-cover__inner-container has-global-padding is-layout-constrained wp-block-cover-is-layout-constrained\">\n<p class=\"has-text-align-center has-white-color has-text-color has-link-color wp-elements-557080e8a31746c864df97c516ab058f\" style=\"font-size:clamp(16.834px, 1.052rem + ((1vw - 3.2px) * 0.811), 26px);\">Vous prendrez bien un verre, une cr\u00eape (P\u00e2te \u00e0 tartiner, miel et confitures uniquement corse, un vrai d\u00e9lice !) ou un de nos fameux en-cas \u00ab\u00a0Les Taccanini\u00a0\u00bb (petits pains chauds garnis de produits r\u00e9gionaux, jambon cru, n\u00e9pita, ch\u00e8vre corse, figues, oignons croustillants&#8230; )<\/p>\n<\/div><\/div>\n\n\n\n<p><\/p>\n\n\n\n<div class=\"wp-block-media-text is-stacked-on-mobile is-style-twentytwentyone-border has-background has-normal-font-size\" style=\"background-color:#78999bb0\"><figure class=\"wp-block-media-text__media\"><img loading=\"lazy\" decoding=\"async\" width=\"768\" height=\"1024\" src=\"https:\/\/lesbainsdetaccana.corsica\/wp-content\/uploads\/2025\/10\/IMG_20240713_163120-768x1024.jpg\" alt=\"\" class=\"wp-image-447 size-full\" srcset=\"https:\/\/lesbainsdetaccana.corsica\/wp-content\/uploads\/2025\/10\/IMG_20240713_163120-768x1024.jpg 768w, https:\/\/lesbainsdetaccana.corsica\/wp-content\/uploads\/2025\/10\/IMG_20240713_163120-225x300.jpg 225w, https:\/\/lesbainsdetaccana.corsica\/wp-content\/uploads\/2025\/10\/IMG_20240713_163120-1152x1536.jpg 1152w, https:\/\/lesbainsdetaccana.corsica\/wp-content\/uploads\/2025\/10\/IMG_20240713_163120-1536x2048.jpg 1536w, https:\/\/lesbainsdetaccana.corsica\/wp-content\/uploads\/2025\/10\/IMG_20240713_163120-1568x2091.jpg 1568w, https:\/\/lesbainsdetaccana.corsica\/wp-content\/uploads\/2025\/10\/IMG_20240713_163120-scaled.jpg 1920w\" sizes=\"auto, (max-width: 768px) 100vw, 768px\" \/><\/figure><div class=\"wp-block-media-text__content\">\n<div class=\"wp-block-columns is-layout-flex wp-container-core-columns-is-layout-28f84493 wp-block-columns-is-layout-flex\">\n<div class=\"wp-block-column is-layout-flow wp-block-column-is-layout-flow\" style=\"flex-basis:100%\">\n<div class=\"wp-block-group is-vertical is-layout-flex wp-container-core-group-is-layout-fe9cc265 wp-block-group-is-layout-flex\">\n<p class=\"has-white-color has-text-color has-link-color wp-elements-0710f31fe1523867b3b343e33a343707\" style=\"font-size:clamp(16.834px, 1.052rem + ((1vw - 3.2px) * 0.811), 26px);\">Bi\u00e8res, sodas et jus de fruits, (corses bien s\u00fbr !) fruits press\u00e9s frais et tellement sains..<\/p>\n\n\n\n<p class=\"has-white-color has-text-color has-link-color wp-elements-1d9e5cb053c0129283c727b7c50b1c6c\" style=\"font-size:clamp(16.834px, 1.052rem + ((1vw - 3.2px) * 0.811), 26px);\">Vins de proximit\u00e9 ou Spritz quand l&rsquo;heure de l&rsquo;ap\u00e9ro approche,<\/p>\n\n\n\n<p class=\"has-text-align-center has-white-color has-text-color has-link-color wp-elements-6a7127c3fc7fd9959f53552355d5e559\" style=\"font-size:clamp(16.834px, 1.052rem + ((1vw - 3.2px) * 0.811), 26px);\"><\/p>\n\n\n\n<p class=\"has-white-color has-text-color has-link-color has-medium-font-size wp-elements-1554f3f93cf59c756429764a95960b5d\"> Prenez un si\u00e8ge !<\/p>\n<\/div>\n<\/div>\n<\/div>\n<\/div><\/div>\n\n\n\n<figure class=\"wp-block-image aligncenter size-large\"><img loading=\"lazy\" decoding=\"async\" width=\"724\" height=\"1024\" src=\"https:\/\/lesbainsdetaccana.corsica\/wp-content\/uploads\/2025\/10\/Affiche-Ne-Pas-Toucher-Beige-et-Noir-Simple-Minimal_20250629_080407_0000-724x1024.png\" alt=\"\" class=\"wp-image-505\" srcset=\"https:\/\/lesbainsdetaccana.corsica\/wp-content\/uploads\/2025\/10\/Affiche-Ne-Pas-Toucher-Beige-et-Noir-Simple-Minimal_20250629_080407_0000-724x1024.png 724w, https:\/\/lesbainsdetaccana.corsica\/wp-content\/uploads\/2025\/10\/Affiche-Ne-Pas-Toucher-Beige-et-Noir-Simple-Minimal_20250629_080407_0000-212x300.png 212w, https:\/\/lesbainsdetaccana.corsica\/wp-content\/uploads\/2025\/10\/Affiche-Ne-Pas-Toucher-Beige-et-Noir-Simple-Minimal_20250629_080407_0000-768x1086.png 768w, https:\/\/lesbainsdetaccana.corsica\/wp-content\/uploads\/2025\/10\/Affiche-Ne-Pas-Toucher-Beige-et-Noir-Simple-Minimal_20250629_080407_0000-1086x1536.png 1086w, https:\/\/lesbainsdetaccana.corsica\/wp-content\/uploads\/2025\/10\/Affiche-Ne-Pas-Toucher-Beige-et-Noir-Simple-Minimal_20250629_080407_0000.png 1414w\" sizes=\"auto, (max-width: 724px) 100vw, 724px\" \/><\/figure>\n\n\n\n<p><\/p>\n","protected":false},"excerpt":{"rendered":"<p>Il est temps d&rsquo;arr\u00eater le temps quelques instants pour \u00e9couter les doux sons de la rivi\u00e8re et le chant des oiseaux&#8230;<\/p>\n","protected":false},"author":2,"featured_media":0,"parent":0,"menu_order":0,"comment_status":"closed","ping_status":"closed","template":"","meta":{"footnotes":""},"class_list":["post-343","page","type-page","status-publish","hentry"],"_links":{"self":[{"href":"https:\/\/lesbainsdetaccana.corsica\/index.php\/wp-json\/wp\/v2\/pages\/343","targetHints":{"allow":["GET"]}}],"collection":[{"href":"https:\/\/lesbainsdetaccana.corsica\/index.php\/wp-json\/wp\/v2\/pages"}],"about":[{"href":"https:\/\/lesbainsdetaccana.corsica\/index.php\/wp-json\/wp\/v2\/types\/page"}],"author":[{"embeddable":true,"href":"https:\/\/lesbainsdetaccana.corsica\/index.php\/wp-json\/wp\/v2\/users\/2"}],"replies":[{"embeddable":true,"href":"https:\/\/lesbainsdetaccana.corsica\/index.php\/wp-json\/wp\/v2\/comments?post=343"}],"version-history":[{"count":19,"href":"https:\/\/lesbainsdetaccana.corsica\/index.php\/wp-json\/wp\/v2\/pages\/343\/revisions"}],"predecessor-version":[{"id":814,"href":"https:\/\/lesbainsdetaccana.corsica\/index.php\/wp-json\/wp\/v2\/pages\/343\/revisions\/814"}],"wp:attachment":[{"href":"https:\/\/lesbainsdetaccana.corsica\/index.php\/wp-json\/wp\/v2\/media?parent=343"}],"curies":[{"name":"wp","href":"https:\/\/api.w.org\/{rel}","templated":true}]}}