{"id":341,"date":"2025-10-14T22:15:50","date_gmt":"2025-10-14T20:15:50","guid":{"rendered":"https:\/\/lesbainsdetaccana.corsica\/?page_id=341"},"modified":"2025-10-20T21:07:52","modified_gmt":"2025-10-20T19:07:52","slug":"naturisme","status":"publish","type":"page","link":"https:\/\/lesbainsdetaccana.corsica\/index.php\/naturisme\/","title":{"rendered":"Naturisme"},"content":{"rendered":"\n<p class=\"has-text-align-center has-white-color has-text-color has-background has-link-color wp-elements-68a9c3c3c161628492622538a365ae4a\" style=\"background-color:#2c7784\"><strong>Envie de l\u00e2cher prise et de renouer avec la nature ?<\/strong>             <strong>D\u00e9couvrez le naturisme thermal aux Bains de Taccana<\/strong><\/p>\n\n\n\n<figure class=\"wp-block-gallery has-nested-images columns-default is-cropped wp-block-gallery-1 is-layout-flex wp-block-gallery-is-layout-flex\">\n<figure class=\"wp-block-image size-large is-style-twentytwentyone-image-frame is-style-rounded\"><img loading=\"lazy\" decoding=\"async\" width=\"799\" height=\"515\" data-id=\"503\" src=\"https:\/\/lesbainsdetaccana.corsica\/wp-content\/uploads\/2025\/10\/Screenshot_20250629_125737_com_android_chrome_CustomTabActivity.jpg\" alt=\"\" class=\"wp-image-503\" srcset=\"https:\/\/lesbainsdetaccana.corsica\/wp-content\/uploads\/2025\/10\/Screenshot_20250629_125737_com_android_chrome_CustomTabActivity.jpg 799w, https:\/\/lesbainsdetaccana.corsica\/wp-content\/uploads\/2025\/10\/Screenshot_20250629_125737_com_android_chrome_CustomTabActivity-300x193.jpg 300w, https:\/\/lesbainsdetaccana.corsica\/wp-content\/uploads\/2025\/10\/Screenshot_20250629_125737_com_android_chrome_CustomTabActivity-768x495.jpg 768w\" sizes=\"auto, (max-width: 799px) 100vw, 799px\" \/><\/figure>\n\n\n\n<figure class=\"wp-block-image size-large is-style-twentytwentyone-image-frame is-style-rounded\"><img loading=\"lazy\" decoding=\"async\" width=\"886\" height=\"342\" data-id=\"504\" src=\"https:\/\/lesbainsdetaccana.corsica\/wp-content\/uploads\/2025\/10\/no-bikini.jpeg\" alt=\"\" class=\"wp-image-504\" srcset=\"https:\/\/lesbainsdetaccana.corsica\/wp-content\/uploads\/2025\/10\/no-bikini.jpeg 886w, https:\/\/lesbainsdetaccana.corsica\/wp-content\/uploads\/2025\/10\/no-bikini-300x116.jpeg 300w, https:\/\/lesbainsdetaccana.corsica\/wp-content\/uploads\/2025\/10\/no-bikini-768x296.jpeg 768w\" sizes=\"auto, (max-width: 886px) 100vw, 886px\" \/><\/figure>\n<\/figure>\n\n\n\n<div class=\"wp-block-group has-global-padding is-layout-constrained wp-block-group-is-layout-constrained\">\n<p class=\"has-text-align-center has-white-color has-text-color has-background has-link-color has-medium-font-size wp-elements-baba6e0195e04c5398cc81923015197b\" style=\"background-color:#84cbe0\"><strong><mark style=\"background-color:#2c7784\" class=\"has-inline-color has-white-color\">En juillet et en ao\u00fbt, 4 journ\u00e9es sont r\u00e9serv\u00e9es au naturisme !<\/mark><mark style=\"background-color:#546e7a\" class=\"has-inline-color\"> <\/mark><\/strong>                                                                                                                         Vivez une parenth\u00e8se hors du temps dans un cadre naturel pr\u00e9serv\u00e9, en bord de rivi\u00e8re.<\/p>\n\n\n\n<figure class=\"wp-block-image aligncenter size-large is-resized is-style-twentytwentyone-image-frame is-style-rounded\"><img loading=\"lazy\" decoding=\"async\" width=\"902\" height=\"1024\" src=\"https:\/\/lesbainsdetaccana.corsica\/wp-content\/uploads\/2025\/10\/IMG_20250727_154806-902x1024.jpg\" alt=\"\" class=\"wp-image-509\" style=\"width:285px;height:auto\" srcset=\"https:\/\/lesbainsdetaccana.corsica\/wp-content\/uploads\/2025\/10\/IMG_20250727_154806-902x1024.jpg 902w, https:\/\/lesbainsdetaccana.corsica\/wp-content\/uploads\/2025\/10\/IMG_20250727_154806-264x300.jpg 264w, https:\/\/lesbainsdetaccana.corsica\/wp-content\/uploads\/2025\/10\/IMG_20250727_154806-768x872.jpg 768w, https:\/\/lesbainsdetaccana.corsica\/wp-content\/uploads\/2025\/10\/IMG_20250727_154806-1352x1536.jpg 1352w, https:\/\/lesbainsdetaccana.corsica\/wp-content\/uploads\/2025\/10\/IMG_20250727_154806-1568x1781.jpg 1568w, https:\/\/lesbainsdetaccana.corsica\/wp-content\/uploads\/2025\/10\/IMG_20250727_154806.jpg 1798w\" sizes=\"auto, (max-width: 902px) 100vw, 902px\" \/><\/figure>\n\n\n\n<p class=\"has-text-align-left has-white-color has-text-color has-background has-link-color wp-elements-50668252367473972411ebc83104662d\" style=\"background-color:#2c7784\">Aux Bains de Taccana, nous vous invitons \u00e0 d\u00e9couvrir une exp\u00e9rience unique : le naturisme thermal dans des eaux naturellement chaudes et riches en soufre, propices \u00e0 la d\u00e9tente du corps et de l\u2019esprit.<\/p>\n<\/div>\n\n\n\n<p class=\"has-text-align-center\"><strong>Ce qui vous attend :<\/strong><\/p>\n\n\n\n<p class=\"has-white-color has-text-color has-background has-link-color wp-elements-3338a061870c65b38907c7503c31e733\" style=\"background-color:#84cbe0\">Un vaporarium (hammam naturel) en libre acc\u00e8s de 11h \u00e0 14h<\/p>\n\n\n\n<p class=\"has-white-color has-text-color has-background has-link-color wp-elements-5388978c7f03f7da7fc9b3b173394aa6\" style=\"background-color:#2c7784\">Des bains int\u00e9rieurs aliment\u00e9s en eau naturellement chaude et sulfur\u00e9e  <\/p>\n\n\n\n<p class=\"has-white-color has-text-color has-background has-link-color wp-elements-60c6c8142ec876b214b80c77fe36d124\" style=\"background-color:#84cbe0\">Un bassin ext\u00e9rieur nich\u00e9 en pleine nature, au bord de la rivi\u00e8re, et son espace transat sur herbe pour une ambiance paisible et bienveillante, et un retour \u00e0 l\u2019essentiel<\/p>\n\n\n\n<p class=\"has-text-align-center\"><strong>Modalit\u00e9s des journ\u00e9es naturistes :<\/strong><\/p>\n\n\n\n<p class=\"has-text-align-center has-white-color has-text-color has-background has-link-color wp-elements-6a457a0db3ca4b5fb8bd9dd7bc5d36f5\" style=\"background-color:#2c7784\">Sur r\u00e9servation uniquement<\/p>\n\n\n\n<p class=\"has-white-color has-text-color has-background has-link-color wp-elements-e6e6b56cc4c794313ac48d1a1b17f395\" style=\"background-color:#84cbe0\">Les \u00ab\u00a0Jour&rsquo; Nat\u00a0\u00bb ne peuvent se faire qu&rsquo;\u00e0 partir de 10 personnes, mais le lieu reste intimiste, donc 20 personnes maximum !<\/p>\n\n\n\n<p class=\"has-text-align-center has-white-color has-text-color has-background has-link-color wp-elements-e61d91f96bb39a8c3315dc30aabd85e8\" style=\"background-color:#2c7784\">Horaires d\u2019acc\u00e8s : de 10h \u00e0 18h<\/p>\n\n\n\n<p class=\"has-text-align-center\"><strong>Un petit creux, une grosse soif, pas de souci il y a l&rsquo;En-Cas <\/strong>!<\/p>\n\n\n\n<p><\/p>\n\n\n\n<p class=\"has-text-align-center has-white-color has-text-color has-background has-link-color wp-elements-9016fc6b63a5079439173c16e27ce272\" style=\"background-color:#84cbe0\"><strong>Prolongez l\u2019exp\u00e9rience avec une pause massage (sur r\u00e9servation, duos possibles)<\/strong>. Tonifiant, relaxant, d\u00e9contractant, drainant&#8230;le choix va \u00eatre difficile&#8230; <\/p>\n\n\n\n<div class=\"wp-block-buttons is-content-justification-center is-layout-flex wp-container-core-buttons-is-layout-a89b3969 wp-block-buttons-is-layout-flex\">\n<div class=\"wp-block-button\"><a class=\"wp-block-button__link wp-element-button\" href=\"https:\/\/lesbainsdetaccana.corsica\/index.php\/massages\/\" target=\"_blank\" rel=\"noreferrer noopener\">Voir les massages<\/a><\/div>\n<\/div>\n\n\n\n<p><\/p>\n\n\n\n<p class=\"has-text-align-center has-white-color has-text-color has-background has-link-color has-medium-font-size wp-elements-c0ec04fce1f4f8d082df841bbc1dc30d\" style=\"background-color:#84cbe0\">Contactez-nous pour r\u00e9server votre journ\u00e9e naturiste aux           Bains de Taccana.<\/p>\n\n\n\n<p class=\"has-text-align-center has-white-color has-text-color has-background has-link-color wp-elements-92a1e5329d5f579a41b315c8f018790c\" style=\"background-color:#2c7784\">Les places sont limit\u00e9es \u2013 pensez \u00e0 r\u00e9server \u00e0 l\u2019avance !<\/p>\n","protected":false},"excerpt":{"rendered":"<p>Envie de l\u00e2cher prise et de renouer avec la nature ? D\u00e9couvrez le naturisme thermal aux Bains de Taccana En juillet et en ao\u00fbt, 4 journ\u00e9es sont r\u00e9serv\u00e9es au naturisme ! Vivez une parenth\u00e8se hors du temps dans un cadre naturel pr\u00e9serv\u00e9, en bord de rivi\u00e8re. Aux Bains de Taccana, nous vous invitons \u00e0 d\u00e9couvrir &hellip; <\/p>\n<p class=\"link-more\"><a href=\"https:\/\/lesbainsdetaccana.corsica\/index.php\/naturisme\/\" class=\"more-link\">Lire la suite de<span class=\"screen-reader-text\">\u00ab\u00a0Naturisme\u00a0\u00bb<\/span><\/a><\/p>\n","protected":false},"author":2,"featured_media":0,"parent":0,"menu_order":0,"comment_status":"closed","ping_status":"closed","template":"","meta":{"footnotes":""},"class_list":["post-341","page","type-page","status-publish","hentry"],"_links":{"self":[{"href":"https:\/\/lesbainsdetaccana.corsica\/index.php\/wp-json\/wp\/v2\/pages\/341","targetHints":{"allow":["GET"]}}],"collection":[{"href":"https:\/\/lesbainsdetaccana.corsica\/index.php\/wp-json\/wp\/v2\/pages"}],"about":[{"href":"https:\/\/lesbainsdetaccana.corsica\/index.php\/wp-json\/wp\/v2\/types\/page"}],"author":[{"embeddable":true,"href":"https:\/\/lesbainsdetaccana.corsica\/index.php\/wp-json\/wp\/v2\/users\/2"}],"replies":[{"embeddable":true,"href":"https:\/\/lesbainsdetaccana.corsica\/index.php\/wp-json\/wp\/v2\/comments?post=341"}],"version-history":[{"count":23,"href":"https:\/\/lesbainsdetaccana.corsica\/index.php\/wp-json\/wp\/v2\/pages\/341\/revisions"}],"predecessor-version":[{"id":771,"href":"https:\/\/lesbainsdetaccana.corsica\/index.php\/wp-json\/wp\/v2\/pages\/341\/revisions\/771"}],"wp:attachment":[{"href":"https:\/\/lesbainsdetaccana.corsica\/index.php\/wp-json\/wp\/v2\/media?parent=341"}],"curies":[{"name":"wp","href":"https:\/\/api.w.org\/{rel}","templated":true}]}}