{"id":189,"date":"2025-10-10T19:10:52","date_gmt":"2025-10-10T17:10:52","guid":{"rendered":"https:\/\/lesbainsdetaccana.corsica\/?page_id=189"},"modified":"2025-10-30T09:59:10","modified_gmt":"2025-10-30T08:59:10","slug":"vaporarium","status":"publish","type":"page","link":"https:\/\/lesbainsdetaccana.corsica\/index.php\/vaporarium\/","title":{"rendered":"Vaporarium"},"content":{"rendered":"\n<div class=\"wp-block-group has-global-padding is-layout-constrained wp-block-group-is-layout-constrained\">\n<div class=\"wp-block-columns are-vertically-aligned-top has-white-color has-text-color has-background has-link-color wp-elements-f0b164fbfe5b1f623a9b9423e664f55f is-layout-flex wp-container-core-columns-is-layout-28f84493 wp-block-columns-is-layout-flex\" style=\"background-color:#4f8084\">\n<div class=\"wp-block-column is-layout-flow wp-block-column-is-layout-flow\" style=\"flex-basis:50%\">\n<figure class=\"wp-block-image\"><img loading=\"lazy\" decoding=\"async\" width=\"1024\" height=\"1024\" src=\"https:\/\/lesbainsdetaccana.corsica\/wp-content\/uploads\/2025\/10\/HAMMAM2-1024x1024.webp\" alt=\"\" class=\"wp-image-223\" srcset=\"https:\/\/lesbainsdetaccana.corsica\/wp-content\/uploads\/2025\/10\/HAMMAM2-1024x1024.webp 1024w, https:\/\/lesbainsdetaccana.corsica\/wp-content\/uploads\/2025\/10\/HAMMAM2-300x300.webp 300w, https:\/\/lesbainsdetaccana.corsica\/wp-content\/uploads\/2025\/10\/HAMMAM2-150x150.webp 150w, https:\/\/lesbainsdetaccana.corsica\/wp-content\/uploads\/2025\/10\/HAMMAM2-768x768.webp 768w, https:\/\/lesbainsdetaccana.corsica\/wp-content\/uploads\/2025\/10\/HAMMAM2-1536x1536.webp 1536w, https:\/\/lesbainsdetaccana.corsica\/wp-content\/uploads\/2025\/10\/HAMMAM2-2048x2048.webp 2048w, https:\/\/lesbainsdetaccana.corsica\/wp-content\/uploads\/2025\/10\/HAMMAM2-100x100.webp 100w\" sizes=\"auto, (max-width: 1024px) 100vw, 1024px\" \/><\/figure>\n\n\n\n<p class=\"has-medium-font-size\">Le vaporarium favorise \u00e9galement l&rsquo;ouverture des pores de la peau, facilitant ainsi son nettoyage et sa r\u00e9g\u00e9n\u00e9ration.<\/p>\n\n\n\n<p class=\"has-medium-font-size\">De plus, les inhalations de vapeur d&rsquo;eau thermale ont une action reconnue sur les voies ORL (sinusite, rhume, asthme..) !<\/p>\n\n\n\n<p><\/p>\n\n\n\n<p><\/p>\n\n\n\n<p><\/p>\n<\/div>\n\n\n\n<div class=\"wp-block-column is-layout-flow wp-block-column-is-layout-flow\" style=\"flex-basis:50%\">\n<p class=\"has-medium-font-size\">Notre vaporarium est un espace d\u00e9di\u00e9 \u00e0 la d\u00e9tente et au bien-\u00eatre<\/p>\n\n\n\n<p class=\"has-medium-font-size\">Entrez dans une pi\u00e8ce sp\u00e9cialement con\u00e7ue pour profiter des bienfaits de la vapeur sur le corps et l&rsquo;esprit gr\u00e2ce \u00e0 la diffusion de vapeur d&rsquo;eau thermale (donc une eau non trait\u00e9e et non filtr\u00e9e) <\/p>\n\n\n\n<p class=\"has-medium-font-size\">La temp\u00e9rature de la vapeur d&rsquo;eau peut \u00eatre r\u00e9gl\u00e9e de 36\u00b0 \u00e0 45\u00b0, en fonction des sensibilit\u00e9 de chacun, ce qui permet une relaxation optimale des muscles et une \u00e9limination des toxines par la sudation.<\/p>\n\n\n\n<p><\/p>\n\n\n\n<p><\/p>\n\n\n\n<figure class=\"wp-block-image size-large is-resized\"><img loading=\"lazy\" decoding=\"async\" width=\"1024\" height=\"1024\" src=\"https:\/\/lesbainsdetaccana.corsica\/wp-content\/uploads\/2025\/10\/HAMMAM-1024x1024.webp\" alt=\"\" class=\"wp-image-222\" style=\"width:509px;height:auto\" srcset=\"https:\/\/lesbainsdetaccana.corsica\/wp-content\/uploads\/2025\/10\/HAMMAM-1024x1024.webp 1024w, https:\/\/lesbainsdetaccana.corsica\/wp-content\/uploads\/2025\/10\/HAMMAM-300x300.webp 300w, https:\/\/lesbainsdetaccana.corsica\/wp-content\/uploads\/2025\/10\/HAMMAM-150x150.webp 150w, https:\/\/lesbainsdetaccana.corsica\/wp-content\/uploads\/2025\/10\/HAMMAM-768x768.webp 768w, https:\/\/lesbainsdetaccana.corsica\/wp-content\/uploads\/2025\/10\/HAMMAM-1536x1536.webp 1536w, https:\/\/lesbainsdetaccana.corsica\/wp-content\/uploads\/2025\/10\/HAMMAM-2048x2048.webp 2048w, https:\/\/lesbainsdetaccana.corsica\/wp-content\/uploads\/2025\/10\/HAMMAM-100x100.webp 100w\" sizes=\"auto, (max-width: 1024px) 100vw, 1024px\" \/><figcaption class=\"wp-element-caption\"><mark style=\"background-color:rgba(0, 0, 0, 0)\" class=\"has-inline-color has-background-color\">Capacit\u00e9 d&rsquo;accueil 6-8 personnes<\/mark><\/figcaption><\/figure>\n<\/div>\n<\/div>\n<\/div>\n\n\n\n<div class=\"wp-block-columns is-layout-flex wp-container-core-columns-is-layout-28f84493 wp-block-columns-is-layout-flex\">\n<div class=\"wp-block-column is-layout-flow wp-block-column-is-layout-flow\" style=\"flex-basis:100%\">\n<div class=\"wp-block-group is-nowrap is-layout-flex wp-container-core-group-is-layout-6c531013 wp-block-group-is-layout-flex\"><\/div>\n<\/div>\n<\/div>\n\n\n\n<div class=\"wp-block-group is-style-twentytwentyone-border has-background has-global-padding is-layout-constrained wp-block-group-is-layout-constrained\" style=\"background-color:#4f8084\">\n<p class=\"has-white-color has-orange-background-color has-text-color has-background has-link-color has-medium-font-size wp-elements-eb67215eb9043b103b7558b59cf3d6e2\">Associ\u00e9 \u00e0 un rituel inspir\u00e9 du Maghreb mais agr\u00e9ment\u00e9 \u00e0 la fa\u00e7on Corse, un gant de crin et un savon SAPOLINU\u00ae tout doux, d&rsquo;une cr\u00e9atrice r\u00e9gionale, \u00e0 base de produits corses, vous ressortirez purifi\u00e9 et tellement d\u00e9tendu !<\/p>\n\n\n\n<div class=\"wp-block-columns is-layout-flex wp-container-core-columns-is-layout-28f84493 wp-block-columns-is-layout-flex\">\n<div class=\"wp-block-column is-layout-flow wp-block-column-is-layout-flow\" style=\"flex-basis:100%\">\n<figure class=\"wp-block-gallery has-nested-images columns-default is-cropped wp-block-gallery-1 is-layout-flex wp-block-gallery-is-layout-flex\">\n<figure class=\"wp-block-image size-large is-style-default\"><img loading=\"lazy\" decoding=\"async\" width=\"1024\" height=\"1024\" data-id=\"76\" src=\"https:\/\/lesbainsdetaccana.corsica\/wp-content\/uploads\/2025\/10\/IMG_20241205_215808_779-1024x1024-1.webp\" alt=\"\" class=\"wp-image-76\" srcset=\"https:\/\/lesbainsdetaccana.corsica\/wp-content\/uploads\/2025\/10\/IMG_20241205_215808_779-1024x1024-1.webp 1024w, https:\/\/lesbainsdetaccana.corsica\/wp-content\/uploads\/2025\/10\/IMG_20241205_215808_779-1024x1024-1-300x300.webp 300w, https:\/\/lesbainsdetaccana.corsica\/wp-content\/uploads\/2025\/10\/IMG_20241205_215808_779-1024x1024-1-150x150.webp 150w, https:\/\/lesbainsdetaccana.corsica\/wp-content\/uploads\/2025\/10\/IMG_20241205_215808_779-1024x1024-1-768x768.webp 768w\" sizes=\"auto, (max-width: 1024px) 100vw, 1024px\" \/><\/figure>\n\n\n\n<figure class=\"wp-block-image size-large is-style-default\"><img loading=\"lazy\" decoding=\"async\" width=\"1024\" height=\"1024\" data-id=\"94\" src=\"https:\/\/lesbainsdetaccana.corsica\/wp-content\/uploads\/2025\/10\/IMG_20241205_214519_034-1024x1024-1.webp\" alt=\"\" class=\"wp-image-94\" srcset=\"https:\/\/lesbainsdetaccana.corsica\/wp-content\/uploads\/2025\/10\/IMG_20241205_214519_034-1024x1024-1.webp 1024w, https:\/\/lesbainsdetaccana.corsica\/wp-content\/uploads\/2025\/10\/IMG_20241205_214519_034-1024x1024-1-300x300.webp 300w, https:\/\/lesbainsdetaccana.corsica\/wp-content\/uploads\/2025\/10\/IMG_20241205_214519_034-1024x1024-1-150x150.webp 150w, https:\/\/lesbainsdetaccana.corsica\/wp-content\/uploads\/2025\/10\/IMG_20241205_214519_034-1024x1024-1-768x768.webp 768w\" sizes=\"auto, (max-width: 1024px) 100vw, 1024px\" \/><\/figure>\n<\/figure>\n<\/div>\n<\/div>\n\n\n\n<div class=\"wp-block-group is-nowrap is-layout-flex wp-container-core-group-is-layout-6c531013 wp-block-group-is-layout-flex\"><\/div>\n<\/div>\n\n\n\n<p><\/p>\n","protected":false},"excerpt":{"rendered":"<p>Le vaporarium favorise \u00e9galement l&rsquo;ouverture des pores de la peau, facilitant ainsi son nettoyage et sa r\u00e9g\u00e9n\u00e9ration. De plus, les inhalations de vapeur d&rsquo;eau thermale ont une action reconnue sur les voies ORL (sinusite, rhume, asthme..) ! Notre vaporarium est un espace d\u00e9di\u00e9 \u00e0 la d\u00e9tente et au bien-\u00eatre Entrez dans une pi\u00e8ce sp\u00e9cialement con\u00e7ue &hellip; <\/p>\n<p class=\"link-more\"><a href=\"https:\/\/lesbainsdetaccana.corsica\/index.php\/vaporarium\/\" class=\"more-link\">Lire la suite de<span class=\"screen-reader-text\">\u00ab\u00a0Vaporarium\u00a0\u00bb<\/span><\/a><\/p>\n","protected":false},"author":1,"featured_media":0,"parent":0,"menu_order":0,"comment_status":"closed","ping_status":"closed","template":"","meta":{"footnotes":""},"class_list":["post-189","page","type-page","status-publish","hentry"],"_links":{"self":[{"href":"https:\/\/lesbainsdetaccana.corsica\/index.php\/wp-json\/wp\/v2\/pages\/189","targetHints":{"allow":["GET"]}}],"collection":[{"href":"https:\/\/lesbainsdetaccana.corsica\/index.php\/wp-json\/wp\/v2\/pages"}],"about":[{"href":"https:\/\/lesbainsdetaccana.corsica\/index.php\/wp-json\/wp\/v2\/types\/page"}],"author":[{"embeddable":true,"href":"https:\/\/lesbainsdetaccana.corsica\/index.php\/wp-json\/wp\/v2\/users\/1"}],"replies":[{"embeddable":true,"href":"https:\/\/lesbainsdetaccana.corsica\/index.php\/wp-json\/wp\/v2\/comments?post=189"}],"version-history":[{"count":20,"href":"https:\/\/lesbainsdetaccana.corsica\/index.php\/wp-json\/wp\/v2\/pages\/189\/revisions"}],"predecessor-version":[{"id":807,"href":"https:\/\/lesbainsdetaccana.corsica\/index.php\/wp-json\/wp\/v2\/pages\/189\/revisions\/807"}],"wp:attachment":[{"href":"https:\/\/lesbainsdetaccana.corsica\/index.php\/wp-json\/wp\/v2\/media?parent=189"}],"curies":[{"name":"wp","href":"https:\/\/api.w.org\/{rel}","templated":true}]}}